+ 2. Let n(l) = i*l**2 - 46 - l - 2*l + 24 + 24. Determine n(d).
16
Suppose 0 = -2*x - 2 - 4, -2*p + 35 = -x. Suppose -2 = -3*l + 5*r, -2*l - 3*r + p = 2. Let q(o) = -5*o + 3. Determine q(l).
-17
Let k = 35 + -20. Suppose -k*o - 33 = -528. Suppose o*u - 24 = 36*u. Let b(v) = v**3 + 9*v**2 + 8*v - 5. What is b(u)?
-5
Let o be 7/9 + (-6)/(-27). Let v be 0 + o + -1 - (-1 - 1). Let p be (6/v - -3) + -2. Let m(i) = -i**3 + 3*i**2 + 5*i - 2. What is m(p)?
2
Let d(t) = -4 + 2 - t - 2. Let z = -13 + 23. Suppose -z*h = -10 - 20. Determine d(h).
-7
Let x(p) = -68*p**2 - 10*p + 26. Let n(h) = -27*h**2 - 6*h + 13. Let u(c) = 5*n(c) - 2*x(c). Give u(12).
37
Let y be 8/280*7 + 118/10. Let d(u) = -y*u - 13 - u + 9*u. Calculate d(-10).
27
Let c(t) = 72*t**3 + t**2 - 3*t - 3. Suppose 3*r - 5*m = 7, -206*m - 2 = -205*m. Calculate c(r).
-71
Suppose 3*w - 3*t - 24 = 0, 0 = 2*w - 188*t + 190*t - 12. Let v(c) = -c**3 + 8*c**2 - 7*c - 9. What is v(w)?
-9
Suppose -483*x - 353 = 1834 + 711. Let c(j) be the first derivative of j**4/4 + 5*j**3/3 - 7*j**2/2 + 6*j - 1. What is c(x)?
12
Let p(h) be the third derivative of h**5/30 - 4*h**4/3 + h**3 + 113*h**2 - 21. Calculate p(15).
-24
Suppose 188*m + 397 - 21 = 0. Let l = -3 - -6. Let n(c) = 3*c**2 + c**3 - 1 - c**3 + 2*c**l. Calculate n(m).
-5
Let h(r) = r**3 - 7*r**2 - 10*r - 12. Let t = -4907 - -4915. Give h(t).
-28
Let q(t) = t. Suppose d = 5, 5*d - 29 = 4*a - 0*d. Let s be -6*(-2)/4*a. Determine q(s).
-3
Let z(a) = -21*a**2 + 8*a**2 + 4*a**3 + 4*a**3 + 2*a - 20 + 11*a**2 - 9*a**3. Calculate z(-4).
4
Let x = -27 + 32. Let r be 140/12 - (14/(-6) - -3). Let v(i) = 4 + 2 + 0 + 4*i - r. Give v(x).
15
Let g(x) = 14*x**3 - 29*x**2 - 47*x - 31. Let p(o) = -3*o**3 + 7*o**2 + 10*o + 8. Let m(y) = -2*g(y) - 9*p(y). What is m(-5)?
-30
Let k(i) be the second derivative of 1/6*i**3 + 33/20*i**5 - 29*i + 0 - 1/12*i**4 + 0*i**2. Determine k(1).
33
Let p be (-36)/(-162) - ((-38)/(-9) - 1). Suppose 0 = 5*v - 3*g - 14, -3*v - 5*g = 2*v - 30. Let i(h) = -v*h + 4*h - 3*h. Give i(p).
9
Let r(l) = 37 - 55 + 22 - 18*l + l**2. Calculate r(9).
-77
Let v(j) = 73*j - 10. Let o(n) = -47*n + 7. Let g(h) = -7*o(h) - 5*v(h). Suppose -56*s + 49*s - 7 = 0. Give g(s).
37
Suppose -488*x + 480*x + 5696 = 0. Let l = x - 714. Let h(b) = 2*b**2 - b - 4. What is h(l)?
6
Let t = -13488 - -13483. Let n(u) = -u**2 - u + 16. Determine n(t).
-4
Let i be (-6)/(((-42)/(-4))/(-7)). Suppose 3*c - 150 = -i*q, c + 118 = 3*q + 6*c. Let m(x) = -70*x - 7*x**2 - 5 + x**3 + 40*x + q*x. Give m(6).
-5
Let z(l) = l**2 + l + 2. Let h(w) be the third derivative of -w**5/20 + w**4/3 + 4*w**3/3 + 52*w**2. Let b(s) = h(s) - 5*z(s). Determine b(1).
-7
Let k be (-2 + 5)*10*(-1)/(-6). Let z(a) = -7*a - 713*a**3 - 716*a**3 + 5 + 6*a**2 + 1428*a**3. Calculate z(k).
-5
Let h(b) = -30 + 0*b**3 + 23 - 25 - b**3 - 2*b - 22*b**2 + 0*b. Give h(-22).
12
Let v be 888/222*(0 - (-10)/8). Let l(f) = f**3 - 8*f**2 + 16*f + 3. Determine l(v).
8
Let v be ((-62)/(-6) + 2/(-6))/(-359 - -361). Let p(w) = -3*w**2 + 18*w - 13. Calculate p(v).
2
Suppose 5*u - 15 = -w, -3*u + 57*w = 54*w - 27. Let r(z) = -2*z + 12. Let v(g) = -g + 8. Let m(s) = -5*r(s) + 8*v(s). What is m(u)?
12
Let u be (0 - (-2 - -5))/(-9 - 1334/(-145)). Let y(x) = -2*x**2 - 33*x - 59. Calculate y(u).
-14
Suppose -2*o + 11 = -3. Let h(s) = 1 - 3*s - 2 - 4*s + 3*s + 7. What is h(o)?
-22
Let h(t) = 2*t**2 - 12*t + 14. Suppose 20*r + 43 = -37. Let k(u) = -u**2 + 6*u - 7. Let s(p) = r*h(p) - 7*k(p). What is s(6)?
-7
Let r(u) = u**3 + u**2 + 2*u + 20. Let v(i) = -2*i**2 + 43*i - 95. Let t be v(19). What is r(t)?
20
Let f(p) = -p**2 - 10*p + 11. Let w be f(-11). Let y be 8/(-12)*(w/(-3) - 3). Let x be ((-6)/(-24))/(y/8). Let d(j) = -7*j**2 + 2*j - 1. Give d(x).
-6
Let i(l) = -l**3 - 2*l**2 - 4*l. Let h(j) = 5*j**3 + 8*j**2 + 19*j. Let q be (2/5)/((-4)/(-20)). Let k(c) = q*h(c) + 11*i(c). Give k(-5).
5
Let q = -75 - -79. Suppose -13 + 1 = q*m. Let n(b) = 2*b + 1. Let j(i) = i + 1. Let k(l) = 7*j(l) - 3*n(l). Give k(m).
1
Let j(y) be the third derivative of -y**6/60 + 23*y**5/20 + 17*y**4/12 + 31*y**3/6 - 1011*y**2. Determine j(35).
-4
Suppose 0 = -96*f + 116*f - 60. Let a(o) = 14*o - 16. Calculate a(f).
26
Suppose -3*a = 9, 3*x + 4 - 16 = -3*a. Let f(h) = -25*h**3 + 6*h**2 - h + 4. Let g(b) = 29*b**3 - 6*b**2 + 2*b - 5. Let t(z) = -7*f(z) - 6*g(z). Give t(x).
16
Let a(o) = -o**2 + 2*o - 42. Let i be 1/8*(-8 + -20 + 28). Determine a(i).
-42
Let q(g) = 2*g**2 + 3*g. Suppose 0 = -o - 557 + 1742. Let p be (-2)/15 + 3713/o. Give q(p).
27
Let a(n) = -n**3 - 4*n**2 + 3*n + 1. Suppose -33*t - 172 = 10*t. What is a(t)?
-11
Let w be 436/10 - (3 + (-34)/10). Suppose w*r = 40*r + 8. Let u(l) = 2*l**2 - r*l + 2 + l**2 + 0*l**2 - 5*l**2. Determine u(2).
-10
Let y(q) = -489*q - 480. Let h be y(-1). Let b(l) = l**3 - 11*l**2 + 22*l - 15. Calculate b(h).
21
Let j(b) be the second derivative of 2*b**3/3 - 4*b. Let r = 4028 - 4033. Determine j(r).
-20
Let f(c) = c**2 + 3*c + 1. Let x(q) = q**3 + 3*q**2 + 2*q + 5. Suppose -5*l - 15 = -0*n + n, 0 = -5*l + 2*n - 15. Let z be x(l). Calculate f(z).
-1
Suppose 23 + 25 = 2*z - c, c + 117 = 5*z. Suppose 11*l - 32 = z. Let v(j) = j**3 - 6*j**2 + 5*j - 1. What is v(l)?
-1
Let r(b) be the third derivative of b**5/30 + 11*b**4/8 + 8*b**3/3 - b**2. Let t = 99 - 115. Let g be r(t). Let s(n) = n + 1. What is s(g)?
1
Let n(r) be the third derivative of r**4/12 + 4*r**3/3 - 4862*r**2. Suppose -15 = 5*f + 15. Determine n(f).
-4
Suppose -434*y + 425*y + 5*w - 7 = 0, 3*y - 4*w + 14 = 0. Let d(t) = 14*t**2 + 6*t - 17. Let r(a) = 5*a**2 + 2*a - 6. Let m(z) = 6*d(z) - 17*r(z). Give m(y).
0
Let z(n) = 2 + 1258*n - 1255*n - 2 - 5*n**2 + 3. Calculate z(3).
-33
Let w(c) be the third derivative of -c**6/120 - c**5/4 - 13*c**4/24 + 7*c**3/2 + 2*c**2 - 11. Let y be w(-14). Let h(o) = -o**2 + 7*o - 4. Determine h(y).
-4
Let z(t) = -13*t - 5. Let a = 6755 - 6758. Determine z(a).
34
Let y(v) be the third derivative of 21*v**2 - 1/6*v**3 + 0*v**4 + 0*v + 0 + 1/60*v**5 - 7/60*v**6. Determine y(1).
-14
Let j(p) = -53 - 12 - 21*p**2 - 4*p - 40*p**2 + 63*p**2. Determine j(0).
-65
Let l be 1 + ((-3)/1 - 2). Let s(y) = -202*y + 7. Let n(d) = 286*d - 10. Let z(m) = 12*n(m) + 17*s(m). Determine z(l).
7
Suppose -338 + 390 = 13*t. Let m(h) be the third derivative of 0 + 1/6*h**t + 10*h**2 + 0*h - 1/3*h**3 - 1/10*h**5 + 1/120*h**6. Calculate m(5).
-7
Let n(v) = 6*v - 3. Let p(c) = 2*c**2 - c + 1. Let k(m) = n(m) + p(m). Let g = 14 + -12. Suppose -5*a = -g*f + 3 + 9, -2*f - 8 = 0. Determine k(a).
10
Let v(f) = -f - 5. Let j be -20 - (12/(-18))/(8/84). Determine v(j).
8
Let v = 1 - 1. Let h(f) be the second derivative of -f**5/20 - f**4/12 - 11*f**2 - 16763*f. Give h(v).
-22
Let k(s) = -s**3 - 6*s**2 - s - 31. Let h be k(-7). Suppose 9*j - h = 14*j. Let d(q) = -q**3 - 6*q**2 - 4*q + 7. Determine d(j).
2
Let r(x) = 2*x**2 - 5. Let t be r(2). Let o(n) = -5*n + 4 + 2*n - t + 0*n. Let f(a) = 2*a - 14. Let i be f(8). What is o(i)?
-5
Suppose 0 = -4*m + 5200 + 6448. Let r be m/12 + 0 - (-4)/(-6). Let d(h) = h**3 + r*h**2 - 4 - 8*h - 248*h**2 - 3*h**3 + 3*h**3. Give d(7).
-11
Let d(f) = 0*f + 1 - 2*f - 14. Suppose 3 + 5 = -4*n, 5*t + 36 = 2*n. Let l be d(t). Let x(g) = -g**3 + g**2 + 3*g. Calculate x(l).
-9
Let f(w) = -w**3 - 10*w**2 - 2*w - 11. Let m(l) = -32*l + 822. Let h be m(26). Determine f(h).
9
Let z(j) = 14*j - 3. Let d(v) = -15*v + 2. Let f(y) = 4*d(y) + 3*z(y). Let q = 38 + -36. Suppose 8 = 2*m + q*c, 3*c = m + 4*m + 4. Give f(m).
-19
Let x(r) = 5*r - 3*r + 2 - r**2 + 0*r. Let o(p) = -p**3 + 11*p**2 - 3*p - 131. Let s be o(9). Calculate x(s).
-6
Let x(p) = 7*p**3 + 18*p**2 - 10*p + 4. Let y(o) = -19*o**3 - 53*o**2 + 31*o - 13. Let j(a) = 11*x(a) + 4*y(a). Calculate j(13).
5
Suppose -4799*i = -4798*i + 3*k + 1, 2*i - k - 5 = 0. Let n(p) be the third derivative of -p**5/20 + p**4/6 - p**3/3 + p**2. Calculate n(i).
-6
Let x(n) = -2*n**2 - 133*n - 443. Let v be x(-63). Let q(t) = -7*t**3 - 4*t**2 - t. Let w(s) = 4*s**3 + 2*s**2 + s. Let j(z) = 2*q(z) + 5*w(z). Calculate j(v).
-46
Let d(u) = -2*u + 6. Let j = -128 + 132. Suppose 4*x = 5*a + 4, -2*x + j*a = a. Suppose 0 = x*v - 0*v - 42. Determine d(v).
-8
Let f(o) = 140*o**2 - 46*o**2 - 56*o**2 - 39*o**2 -